e prime factors of 40217838?
2, 3, 29, 181, 1277
List the prime factors of 114870844.
2, 11, 2610701
List the prime factors of 112849203.
3, 37616401
List the prime factors of 1064265482.
2, 7, 59, 101, 12757
What are the prime factors of 30102195?
3, 5, 2006813
List the prime factors of 2861600479.
619, 4622941
What are the prime factors of 22089889?
89, 248201
What are the prime factors of 96002343?
3, 10666927
List the prime factors of 4522460.
2, 5, 226123
List the prime factors of 5253342671.
5253342671
What are the prime factors of 2454974756?
2, 13, 47211053
List the prime factors of 78377576.
2, 47, 149, 1399
What are the prime factors of 40374543?
3, 11, 1223471
List the prime factors of 111728166.
2, 3, 11, 409, 4139
List the prime factors of 222602370.
2, 3, 5, 7420079
List the prime factors of 46975744.
2, 183499
What are the prime factors of 7531808368?
2, 7, 71, 383, 2473
List the prime factors of 47501743.
47501743
List the prime factors of 2360184388.
2, 211, 2796427
List the prime factors of 32873488.
2, 2054593
List the prime factors of 578978840.
2, 5, 11, 1315861
List the prime factors of 68623221.
3, 22874407
List the prime factors of 87818012.
2, 499, 43997
List the prime factors of 2882751272.
2, 557, 646937
List the prime factors of 194746541.
11, 17704231
List the prime factors of 1380884360.
2, 5, 34522109
List the prime factors of 17900741.
17900741
What are the prime factors of 24420805?
5, 71, 68791
What are the prime factors of 2742088547?
11, 1979, 125963
List the prime factors of 133683358.
2, 67, 997637
List the prime factors of 137073441.
3, 1097, 41651
What are the prime factors of 2292318141?
3, 71, 739, 14563
What are the prime factors of 28094239?
67, 419317
List the prime factors of 56823503.
11, 17, 277, 1097
List the prime factors of 877302505.
5, 79, 2221019
List the prime factors of 34147995.
3, 5, 7, 325219
List the prime factors of 331179348.
2, 3, 19, 1452541
What are the prime factors of 2598972172?
2, 17, 31, 1232909
List the prime factors of 1122506110.
2, 5, 11, 83, 11177
List the prime factors of 269044733.
269044733
List the prime factors of 18689594.
2, 7, 11, 157, 773
What are the prime factors of 5942361525?
3, 5, 8681, 9127
What are the prime factors of 105768804?
2, 3, 109, 80863
What are the prime factors of 237414903?
3, 11, 37, 194443
What are the prime factors of 82267473?
3, 19, 829, 1741
What are the prime factors of 2437184951?
2437184951
What are the prime factors of 195710830?
2, 5, 7, 19, 147151
What are the prime factors of 109160847?
3, 367, 33049
List the prime factors of 73638080.
2, 5, 359, 641
List the prime factors of 77040900.
2, 3, 5, 85601
What are the prime factors of 307913347?
7, 101, 457, 953
What are the prime factors of 233820438?
2, 3, 23, 1694351
What are the prime factors of 3048840959?
37, 82401107
What are the prime factors of 2987285848?
2, 373410731
What are the prime factors of 102988248?
2, 3, 11, 390107
List the prime factors of 33451178.
2, 859, 19471
What are the prime factors of 14527877?
7, 13, 17, 9391
List the prime factors of 1610074999.
13, 9527071
What are the prime factors of 1348207135?
5, 11, 937, 26161
List the prime factors of 1598476116.
2, 3, 133206343
What are the prime factors of 298233213?
3, 99411071
What are the prime factors of 2816861474?
2, 7, 23, 8748017
What are the prime factors of 297727860?
2, 3, 5, 4962131
What are the prime factors of 29224100?
2, 5, 292241
What are the prime factors of 14207321?
653, 21757
List the prime factors of 93889054.
2, 7, 37, 181253
List the prime factors of 92656057.
13, 2141, 3329
What are the prime factors of 509775080?
2, 5, 12744377
List the prime factors of 4993025321.
4993025321
What are the prime factors of 145358486?
2, 7, 13, 61, 13093
What are the prime factors of 2156224795?
5, 431244959
List the prime factors of 64020036.
2, 3, 5335003
What are the prime factors of 309066592?
2, 9658331
List the prime factors of 2921972362.
2, 37, 53, 14057
What are the prime factors of 503139127?
1609, 312703
List the prime factors of 3336694895.
5, 667338979
What are the prime factors of 61346730?
2, 3, 5, 1427, 1433
What are the prime factors of 2101574778?
2, 3, 9293, 37691
List the prime factors of 283632805.
5, 2221, 25541
What are the prime factors of 802882831?
17107, 46933
List the prime factors of 538060710.
2, 3, 5, 11, 17, 95911
What are the prime factors of 1640649423?
3, 7, 78126163
What are the prime factors of 24890717?
2179, 11423
List the prime factors of 1057536531.
3, 117504059
What are the prime factors of 42719554?
2, 43, 317, 1567
List the prime factors of 2455546884.
2, 3, 7, 23, 37, 34351
List the prime factors of 84166650.
2, 3, 5, 53, 3529
List the prime factors of 563607269.
563607269
What are the prime factors of 147977742?
2, 3, 11, 1279, 1753
List the prime factors of 15976511.
19, 41, 20509
What are the prime factors of 706624819?
31, 22794349
What are the prime factors of 3181061300?
2, 5, 31810613
List the prime factors of 385613219.
385613219
List the prime factors of 134889252.
2, 3, 11240771
What are the prime factors of 58753084?
2, 13, 149, 7583
List the prime factors of 4661716478.
2, 503, 4633913
List the prime factors of 339022371.
3, 5167, 21871
List the prime factors of 7054746.
2, 3, 1175791
List the prime factors of 21849788.
2, 5462447
List the prime factors of 1048944836.
2, 53, 4947853
What are the prime factors of 626466444?
2, 3, 52205537
What are the prime factors of 544569016?
2, 3779, 18013
List the prime factors of 4317452248.
2, 539681531
List the prime factors of 98183379.
3, 7, 137, 34127
What are the prime factors of 4725440485?
5, 109, 8670533
What are the prime factors of 174857615?
5, 23, 1520501
What are the prime factors of 88045394?
2, 31, 887, 1601
What are the prime factors of 637238589?
3, 13, 16339451
List the prime factors of 7284581311.
7, 17, 29, 2110861
List the prime factors of 364870356.
2, 3, 191, 159193
List the prime factors of 3145000551.
3, 7, 11, 263, 51767
List the prime factors of 590467124.
2, 13, 11355137
What are the prime factors of 47352113?
4229, 11197
What are the prime factors of 5857407?
3, 401, 541
What are the prime factors of 70758740?
2, 5, 13, 31, 8779
What are the prime factors of 242181762?
2, 3, 17, 43, 55217
List the prime factors of 6700843741.
6700843741
What are the prime factors of 82113055?
5, 3187, 5153
What are the prime factors of 2934445536?
2, 3, 11, 28069
List the prime factors of 32359654.
2, 16179827
What are the prime factors of 6173636083?
131, 47126993
List the prime factors of 1239962590.
2, 5, 41, 251, 12049
List the prime factors of 89676187.
89676187
What are the prime factors of 85939060?
2, 5, 607, 7079
What are the prime factors of 154881191?
173, 617, 1451
List the prime factors of 989777769.
3, 157, 2101439
List the prime factors of 366344646.
2, 3, 29, 79, 919
List the prime factors of 557174195.
5, 23, 179, 27067
List the prime factors of 727827.
3, 37, 79, 83
List the prime factors of 4887890695.
5, 19, 29, 59, 30071
What are the prime factors of 1456883163?
3, 161875907
What are the prime factors of 204853603?
204853603
List the prime factors of 469580855.
5, 43, 337, 6481
List the prime factors of 2696028552.
2, 3, 7, 101, 52963
What are the prime factors of 362091138?
2, 3, 60348523
List the prime factors of 12042826.
2, 503, 11971
What are the prime factors of 376617874?
2, 188308937
List the prime factors of 143725248.
2, 3, 47, 5309
What are the prime factors of 55046135?
5, 19, 579433
List the prime factors of 2091220296.
2, 3, 11, 7921289
What are the prime factors of 19528855?
5, 101, 38671
List the prime factors of 37413729.
3, 59, 70459
What are the prime factors of 370370920?
2, 5, 3019, 3067
What are the prime factors of 1081499040?
2, 3, 5, 83449
List the prime factors of 244857013.
197, 1242929
What are the prime factors of 102668476?
2, 19, 887, 1523
What are the prime factors of 223659898?
2, 7, 11, 137, 10601
List the prime factors of 501382521.
3, 947, 19609
What are the prime factors of 156547422?
2, 3, 19, 397, 1153
What are the prime factors of 106416847?
37, 2876131
List the prime factors of 4057216365.
3, 5, 2803, 96497
What are the prime facto